ctor of 33966?
True
Is 79 a factor of 1478?
False
Is 137 a factor of 7594?
False
Does 23 divide 2714?
True
Is 57 a factor of 5529?
True
Is 12 a factor of 996?
True
Does 54 divide 1228?
False
Does 246 divide 72739?
False
Is 16 a factor of 4442?
False
Is 27 a multiple of 5?
False
Is 11800 a multiple of 59?
True
Is 19799 a multiple of 6?
False
Does 4 divide 393?
False
Does 17 divide 6373?
False
Is 11 a factor of 21384?
True
Is 39 a factor of 2219?
False
Is 3615 a multiple of 6?
False
Does 39 divide 925?
False
Does 17 divide 2633?
False
Is 21 a factor of 26397?
True
Is 22 a factor of 1705?
False
Is 494 a multiple of 26?
True
Is 2808 a multiple of 24?
True
Does 22 divide 784?
False
Is 1962 a multiple of 18?
True
Does 42 divide 17792?
False
Is 774 a multiple of 3?
True
Does 3 divide 428?
False
Is 850 a multiple of 25?
True
Does 13 divide 10749?
False
Is 5 a factor of 380?
True
Does 63 divide 1032?
False
Is 1331 a multiple of 11?
True
Does 30 divide 2940?
True
Is 29 a factor of 22098?
True
Is 21 a factor of 2780?
False
Does 210 divide 42000?
True
Is 234 a multiple of 38?
False
Is 283 even?
False
Is 26364 a multiple of 78?
True
Is 40 a factor of 155?
False
Does 69 divide 112401?
True
Is 1737 a multiple of 9?
True
Is 12 a factor of 288?
True
Is 4 a factor of 4324?
True
Is 8251 a multiple of 37?
True
Is 16560 a multiple of 10?
True
Does 144 divide 15408?
True
Is 157 a factor of 42985?
False
Is 11797 a multiple of 47?
True
Is 12 a factor of 9348?
True
Does 35 divide 614?
False
Does 10 divide 1078?
False
Does 23 divide 2154?
False
Does 28 divide 1932?
True
Is 195 a multiple of 10?
False
Is 11 a factor of 21483?
True
Is 42 a factor of 1189?
False
Is 437 a multiple of 19?
True
Is 1983 a multiple of 55?
False
Is 40 a factor of 2920?
True
Is 7992 a multiple of 108?
True
Does 24 divide 960?
True
Is 22733 a multiple of 8?
False
Does 4 divide 1652?
True
Is 13 a factor of 1129?
False
Is 11 a factor of 2035?
True
Is 1504 a multiple of 47?
True
Is 7855 a multiple of 45?
False
Is 841 a multiple of 52?
False
Does 35 divide 21910?
True
Is 50 a multiple of 7?
False
Does 82 divide 8090?
False
Is 2117 a multiple of 29?
True
Is 41976 a multiple of 99?
True
Is 87 a factor of 12180?
True
Is 57495 a multiple of 15?
True
Is 13 a factor of 15500?
False
Is 3900 a multiple of 13?
True
Is 14 a factor of 8582?
True
Is 16 a factor of 734?
False
Is 46 a factor of 12788?
True
Does 102 divide 37000?
False
Is 46120 a multiple of 26?
False
Is 4622 a multiple of 12?
False
Is 44 a factor of 22836?
True
Is 47 a factor of 1495?
False
Is 1512 a multiple of 18?
True
Is 2331 a multiple of 111?
True
Is 710 a multiple of 4?
False
Does 19 divide 418?
True
Does 14 divide 10167?
False
Is 75 a multiple of 2?
False
Is 127 a factor of 23110?
False
Does 18 divide 396?
True
Does 43 divide 5246?
True
Does 12 divide 1457?
False
Is 14480 a multiple of 40?
True
Does 3 divide 88?
False
Is 45806 a multiple of 12?
False
Is 76 a factor of 58596?
True
Does 30 divide 114?
False
Is 501 a multiple of 10?
False
Is 9887 a multiple of 12?
False
Does 104 divide 3927?
False
Is 55 a factor of 109065?
True
Is 6678 a multiple of 106?
True
Is 168 a multiple of 7?
True
Is 6080 a multiple of 10?
True
Does 43 divide 98909?
False
Is 9 a factor of 15698?
False
Is 101 a factor of 11489?
False
Is 26 a factor of 1534?
True
Does 7 divide 5299?
True
Does 13 divide 180375?
True
Is 1686 a multiple of 23?
False
Is 7015 a multiple of 46?
False
Is 816 a multiple of 17?
True
Is 149 a factor of 19817?
True
Is 30140 a multiple of 20?
True
Does 4 divide 1613?
False
Is 1204 a multiple of 39?
False
Is 26 a factor of 234?
True
Is 4 a factor of 2070?
False
Is 32824 a multiple of 149?
False
Does 43 divide 4816?
True
Is 3839 a multiple of 11?
True
Does 11 divide 11804?
False
Is 8 a factor of 13920?
True
Does 77 divide 368?
False
Is 434 a multiple of 4?
False
Is 1484 a multiple of 24?
False
Does 13 divide 116?
False
Is 720 a multiple of 20?
True
Is 3807 a multiple of 46?
False
Is 648 a multiple of 36?
True
Does 27 divide 3537?
True
Does 4 divide 3511?
False
Is 2400 a multiple of 69?
False
Is 16 a factor of 848?
True
Is 88843 a multiple of 15?
False
Is 75930 a multiple of 30?
True
Is 102375 a multiple of 75?
True
Is 22 a factor of 6864?
True
Is 54 a factor of 785?
False
Is 455 a multiple of 91?
True
Does 76 divide 18164?
True
Is 1389 a multiple of 80?
False
Does 186 divide 22134?
True
Is 5 a factor of 502?
False
Is 32 a factor of 18758?
False
Is 69 a factor of 8004?
True
Is 33 a factor of 879?
False
Is 3240 a multiple of 81?
True
Is 10 a factor of 3115?
False
Is 107 a factor of 34673?
False
Is 1057 a multiple of 20?
False
Is 3 a factor of 10930?
False
Is 9 a factor of 1359?
True
Is 18 a factor of 11466?
True
Does 68 divide 4964?
True
Does 2 divide 857?
False
Is 85204 a multiple of 17?
True
Does 31 divide 682?
True
Does 10 divide 880?
True
Is 43 a factor of 6886?
False
Is 1360 a multiple of 16?
True
Is 5320 a multiple of 14?
True
Is 252 even?
True
Is 41 a factor of 2542?
True
Does 11 divide 73414?
True
Does 11 divide 891?
True
Is 12 a factor of 1731?
False
Does 28 divide 4312?
True
Is 9760 a multiple of 80?
True
Is 14 a factor of 3574?
False
Is 73 a multiple of 5?
False
Is 1898 a multiple of 25?
False
Does 255 divide 91035?
True
Does 2 divide 4801?
False
Does 30 divide 2070?
True
Is 48 a factor of 48?
True
Is 2 a factor of 648?
True
Does 7 divide 1309?
True
Is 25051 a multiple of 18?
False
Does 12 divide 121352?
False
Is 4 a factor of 825?
False
Is 114 a factor of 9724?
False
Does 12 divide 372?
True
Does 40 divide 680?
True
Is 115 a factor of 1955?
True
Does 7 divide 91?
True
Is 16 a factor of 166?
False
Is 10 a factor of 275?
False
Does 7 divide 5516?
True
Does 7 divide 405?
False
Does 10 divide 22?
False
Is 76 a factor of 1075?
False
Is 1932 a multiple of 34?
False
Does 4 divide 7?
False
Does 15 divide 16024?
False
Does 11 divide 440?
True
Is 1178 a multiple of 5?
False
Is 32840 a multiple of 258?
False
Does 24 divide 271?
False
Does 5 divide 71?
False
Is 2368 a multiple of 21?
False
Is 3083 a multiple of 14?
False
Does 38 divide 11393?
False
Does 8 divide 226?
False
Does 85 divide 46546?
False
Does 141 divide 32712?
True
Does 3 divide 325?
False
Is 5 a factor of 70?
True
Is 6 a factor of 12906?
True
Is 18 a factor of 623?
False
Does 5 divide 8149?
False
Does 8 divide 1064?
True
Is 43 a factor of 63233?
False
Does 27 divide 330?
False
Is 9 a factor of 232?
False
Does 10 divide 2416?
False
Is 412 a multiple of 5?
False
Is 23 a factor of 2944?
True
Does 3 divide 153?
True
Is 25245 a multiple of 55?
True
Does 33 divide 17402?
False
Is 15 a factor of 13177?
False
Is 111 a factor of 33585?
False
Is 5507 a multiple of 19?
False
Is 19 a factor of 13034?
True
Does 5 divide 1723?
False
Does 4 divide 3849?
False
Does 30 divide 960?
True
Does 67 divide 2124?
False
Does 56 divide 5040?
True
Is 619 a multiple of 25?
False
Is 9020 a multiple of 22?
True
Is 74676 a multiple of 116?
False
Is 3 a factor of 7662?
True
Is 20 a factor of 8060?
True
Is 137 a factor of 525?
False
Is 2 a factor of 50?
True
Is 19552 a multiple of 52?
True
Does 270 divide 80190?
True
Does 4 divide 38?
False
Does 9 divide 72?
True
Is 13 a factor of 113?
False
Is 99 a factor of 3762?
True
Is 26264 a multiple of 56?
True
Does 16 divide 36?
False
Is 27648 a multiple of 152?
False
Is 115 a factor of 29189?
False
Does 10 divide 703?
False
Does 25 divide 11575?
True
Is 8 a factor of 429?
False
Is 13 a factor of 68666?
True
Does 23 divide 851?
True
Is 99 a factor of 6535?
False
Is 131 a factor of 2010?
False
Is 30 a factor of 450?
True
Does 103 divide 824?
True
Is 10 a factor of 10?
True
Is 85 a factor of 1105?
True
Is 2357 a multiple of 46?
False
Is 25 a factor of 1253?
False
Does 9 divide 82?
False
Is 18 a factor of 2341?
False
Is 37 a multiple of 6?
False
Does 73 divide 1022?
True
Is 1938 a multiple of 34?
True
Is 117 a factor of 1053?
True
Is 8447 a multiple of 4?
False
Is 898 a multiple of 12?
False
Does 40 divide 13640?
True
Is 245 a multiple of 2?
False
Does 235 divide 19407?
False
Is 235 a multiple of 5?
True
Does 34 divide 171292?
True
Is 4 a factor of 14396?
True
Is 4 a factor of 500?
True
Is 808 a multiple of 38?
False
Is 11 a factor of 6886?
True
Is 18 a factor of 558?
True
Is 322